{"id":10,"date":"2017-02-08T21:51:38","date_gmt":"2017-02-08T20:51:38","guid":{"rendered":"https:\/\/anwalt-buss.de\/?page_id=10"},"modified":"2018-09-04T15:23:04","modified_gmt":"2018-09-04T13:23:04","slug":"ueber-uns","status":"publish","type":"page","link":"https:\/\/anwalt-buss.de\/?page_id=10","title":{"rendered":"\u00dcber uns"},"content":{"rendered":"<p class=\"imAlign_left\"><span class=\"ff2 fc0 fs10 \">Die Kanzlei wurde am 1. Januar 2000 als Soziet\u00e4t der Rechsanw\u00e4lte Edzard Bu\u00df und Gerold Aden gegr\u00fcndet und hatte ihren Sitz zun\u00e4chst in der Kanalstra\u00dfe 85-89 in Ostgro\u00dfefehn. Am 1. Januar 2003 erfolgte dann der Umzug in den M\u00fcllers Kamp 3 a in Ostgro\u00dfefehn.<\/span><\/p>\n<p>Seit dem Ausscheiden von Rechtsanwalt Gerold Aden am 1. Oktober 2008 wird die Kanzlei als Einzelkanzlei durch Herrn Rechtsanwalt Edzard Bu\u00df und seine Mitarbeiter fortgef\u00fchrt. Seit dem 01.01.2010 d\u00fcrfen wir Sie in unserem neu errichteten B\u00fcrogeb\u00e4ude\u00a0 im M\u00fcllers Kamp 1 in Ostgro\u00dfefehn begr\u00fc\u00dfen.<\/p>\n<p>Aufgrund der langj\u00e4hrigen Zusammenarbeit mit einem Steuerberater ist neben der Wahrnehmung der allgemein im privaten Bereich anfallenden rechtlichen Interessen auch eine umfassende steuerliche und rechtliche Beratung f\u00fcr unsere mittelst\u00e4ndischen Mandanten gew\u00e4hrleistet.<\/p>\n<p>Ebenso werden selbstverst\u00e4ndlich auch Existenzgr\u00fcnder in Fragen zur Firmengr\u00fcndung \u00fcber die Vertragsgestaltung bis hin zum Forderungsmanagement beraten.<\/p>\n<p>Die Anwaltskanzlei Edzard Bu\u00df versteht sich vornehmlich als Dienstleister, so dass Freundlichkeit und Servicedenken bei unseren Mitarbeitern an erster Stelle stehen.<\/p>\n<p><span class=\"ff2 fc0 fs10 fb \">Haben Sie offene Rechnungen? Drohen Ihnen Forderungsverluste?<\/span><\/p>\n<p>Die Bearbeitung offener Rechnungen bedeuten f\u00fcr den selbst\u00e4ndigen Unternehmer meist einen unverh\u00e4ltnism\u00e4\u00dfig hohen Zeit- und Personalaufwand. Auch sind die in einer Forderungen liegenden Zinsverluste oft nicht unerheblich. Letztlich kann ein mangelndes Forderungsmanagement im schlimmsten Fall f\u00fcr ein Unternehmen zu finanziellen Engp\u00e4ssen f\u00fchren, die es zu vermeiden gilt.<\/p>\n<p>Wir unterst\u00fctzen Sie bei der au\u00dfergerichtlichen sowie auch bei der gerichtlichen Durchsetzung Ihrer Forderungen!<\/p>\n<p>Neben einem auf diesem Gebiet langj\u00e4hrig erfahrenem Mitarbeiterteam steht Ihnen nat\u00fcrlich auch der Anwalt Ihres Vertrauens f\u00fcr alle rechtlichen Probleme zur Verf\u00fcgung.<\/p>\n","protected":false},"excerpt":{"rendered":"<p>Die Kanzlei wurde am 1. Januar 2000 als Soziet\u00e4t der Rechsanw\u00e4lte Edzard Bu\u00df und Gerold Aden gegr\u00fcndet und hatte ihren<\/p>\n","protected":false},"author":1,"featured_media":0,"parent":0,"menu_order":0,"comment_status":"closed","ping_status":"closed","template":"","meta":{"colormag_page_container_layout":"no_sidebar_content_centered","colormag_page_sidebar_layout":"no_sidebar","inline_featured_image":false,"footnotes":""},"class_list":["post-10","page","type-page","status-publish","hentry"],"_links":{"self":[{"href":"https:\/\/anwalt-buss.de\/index.php?rest_route=\/wp\/v2\/pages\/10","targetHints":{"allow":["GET"]}}],"collection":[{"href":"https:\/\/anwalt-buss.de\/index.php?rest_route=\/wp\/v2\/pages"}],"about":[{"href":"https:\/\/anwalt-buss.de\/index.php?rest_route=\/wp\/v2\/types\/page"}],"author":[{"embeddable":true,"href":"https:\/\/anwalt-buss.de\/index.php?rest_route=\/wp\/v2\/users\/1"}],"replies":[{"embeddable":true,"href":"https:\/\/anwalt-buss.de\/index.php?rest_route=%2Fwp%2Fv2%2Fcomments&post=10"}],"version-history":[{"count":0,"href":"https:\/\/anwalt-buss.de\/index.php?rest_route=\/wp\/v2\/pages\/10\/revisions"}],"wp:attachment":[{"href":"https:\/\/anwalt-buss.de\/index.php?rest_route=%2Fwp%2Fv2%2Fmedia&parent=10"}],"curies":[{"name":"wp","href":"https:\/\/api.w.org\/{rel}","templated":true}]}}